{"id":10614,"date":"2023-07-03T19:15:50","date_gmt":"2023-07-04T00:15:50","guid":{"rendered":"https:\/\/designweekmexico.com\/?post_type=product&#038;p=10614"},"modified":"2023-09-05T19:48:13","modified_gmt":"2023-09-06T00:48:13","slug":"diseno-contenido-2023","status":"publish","type":"product","link":"https:\/\/designweekmexico.com\/en\/product\/diseno-contenido-2023\/","title":{"rendered":"Dise\u00f1o Contenido 2023"},"content":{"rendered":"<p><strong>Participaci\u00f3n Dise\u00f1o Contenido 2023<\/strong><\/p>\n<div class=\"elementor-element elementor-element-1fd678ba elementor-widget elementor-widget-text-editor animated fadeIn\" data-id=\"1fd678ba\" data-element_type=\"widget\" data-settings=\"{&quot;_animation&quot;:&quot;fadeIn&quot;,&quot;_animation_delay&quot;:400}\" data-widget_type=\"text-editor.default\">\n<div class=\"elementor-widget-container\">\n<p>\u00a1Te invitamos a participar en la d\u00e9cimo primer edici\u00f3n de <b>Dise\u00f1o Contenido,<\/b>\u00a0organizada por\u00a0<b>Design Week M\u00e9xico!<\/b>\u00a0Este emocionante evento es una feria urbana que se lleva a cabo durante 2 d\u00edas en el emblem\u00e1tico\u00a0<b>Parque Lincoln,\u00a0<\/b>una de las zonas comerciales m\u00e1s importantes de la ciudad.<\/p>\n<\/div>\n<\/div>","protected":false},"excerpt":{"rendered":"<p><strong>Participaci\u00f3n Dise\u00f1o Contenido 2023<\/strong><\/p>\n<div class=\"elementor-element elementor-element-1fd678ba elementor-widget elementor-widget-text-editor animated fadeIn\" data-id=\"1fd678ba\" data-element_type=\"widget\" data-settings=\"{&quot;_animation&quot;:&quot;fadeIn&quot;,&quot;_animation_delay&quot;:400}\" data-widget_type=\"text-editor.default\">\n<div class=\"elementor-widget-container\">\n<p>\u00a1Te invitamos a participar en la d\u00e9cimo primer edici\u00f3n de <b>Dise\u00f1o Contenido,<\/b>\u00a0organizada por\u00a0<b>Design Week M\u00e9xico!<\/b>\u00a0Este emocionante evento es una feria urbana que se lleva a cabo durante 2 d\u00edas en el emblem\u00e1tico\u00a0<b>Parque Lincoln,\u00a0<\/b>una de las zonas comerciales m\u00e1s importantes de la ciudad.<\/p>\n<\/div>\n<\/div>","protected":false},"featured_media":10617,"template":"","meta":{"_themeisle_gutenberg_block_has_review":false},"product_brand":[],"product_cat":[31],"product_tag":[],"class_list":{"0":"post-10614","1":"product","2":"type-product","3":"status-publish","4":"has-post-thumbnail","6":"product_cat-participacion","8":"first","9":"instock","10":"virtual","11":"sold-individually","12":"taxable","13":"purchasable","14":"product-type-simple"},"yoast_head":"<!-- This site is optimized with the Yoast SEO plugin v27.5 - https:\/\/yoast.com\/product\/yoast-seo-wordpress\/ -->\n<title>Dise\u00f1o Contenido 2023 - Design Week Mexico<\/title>\n<meta name=\"robots\" content=\"noindex, nofollow\" \/>\n<meta property=\"og:locale\" content=\"en_US\" \/>\n<meta property=\"og:type\" content=\"article\" \/>\n<meta property=\"og:title\" content=\"Dise\u00f1o Contenido 2023 - Design Week Mexico\" \/>\n<meta property=\"og:description\" content=\"Participaci\u00f3n Dise\u00f1o Contenido 2023    \u00a1Te invitamos a participar en la d\u00e9cimo primer edici\u00f3n de Dise\u00f1o Contenido,\u00a0organizada por\u00a0Design Week M\u00e9xico!\u00a0Este emocionante evento es una feria urbana que se lleva a cabo durante 2 d\u00edas en el emblem\u00e1tico\u00a0Parque Lincoln,\u00a0una de las zonas comerciales m\u00e1s importantes de la ciudad.\" \/>\n<meta property=\"og:url\" content=\"https:\/\/designweekmexico.com\/en\/product\/diseno-contenido-2023\/\" \/>\n<meta property=\"og:site_name\" content=\"Design Week Mexico\" \/>\n<meta property=\"article:publisher\" content=\"https:\/\/www.facebook.com\/designweekmex\" \/>\n<meta property=\"article:modified_time\" content=\"2023-09-06T00:48:13+00:00\" \/>\n<meta property=\"og:image\" content=\"https:\/\/designweekmexico.com\/wp-content\/uploads\/2023\/07\/contenido-product.jpg\" \/>\n\t<meta property=\"og:image:width\" content=\"1920\" \/>\n\t<meta property=\"og:image:height\" content=\"1280\" \/>\n\t<meta property=\"og:image:type\" content=\"image\/jpeg\" \/>\n<meta name=\"twitter:card\" content=\"summary_large_image\" \/>\n<meta name=\"twitter:site\" content=\"@designweekmex\" \/>\n<meta name=\"twitter:label1\" content=\"Est. reading time\" \/>\n\t<meta name=\"twitter:data1\" content=\"1 minute\" \/>\n<script type=\"application\/ld+json\" class=\"yoast-schema-graph\">{\"@context\":\"https:\\\/\\\/schema.org\",\"@graph\":[{\"@type\":\"WebPage\",\"@id\":\"https:\\\/\\\/designweekmexico.com\\\/producto\\\/diseno-contenido-2023\\\/\",\"url\":\"https:\\\/\\\/designweekmexico.com\\\/producto\\\/diseno-contenido-2023\\\/\",\"name\":\"Dise\u00f1o Contenido 2023 - Design Week Mexico\",\"isPartOf\":{\"@id\":\"https:\\\/\\\/designweekmexico.com\\\/#website\"},\"primaryImageOfPage\":{\"@id\":\"https:\\\/\\\/designweekmexico.com\\\/producto\\\/diseno-contenido-2023\\\/#primaryimage\"},\"image\":{\"@id\":\"https:\\\/\\\/designweekmexico.com\\\/producto\\\/diseno-contenido-2023\\\/#primaryimage\"},\"thumbnailUrl\":\"https:\\\/\\\/designweekmexico.com\\\/wp-content\\\/uploads\\\/2023\\\/07\\\/contenido-product.jpg\",\"datePublished\":\"2023-07-04T00:15:50+00:00\",\"dateModified\":\"2023-09-06T00:48:13+00:00\",\"breadcrumb\":{\"@id\":\"https:\\\/\\\/designweekmexico.com\\\/producto\\\/diseno-contenido-2023\\\/#breadcrumb\"},\"inLanguage\":\"en-US\",\"potentialAction\":[{\"@type\":\"ReadAction\",\"target\":[\"https:\\\/\\\/designweekmexico.com\\\/producto\\\/diseno-contenido-2023\\\/\"]}]},{\"@type\":\"ImageObject\",\"inLanguage\":\"en-US\",\"@id\":\"https:\\\/\\\/designweekmexico.com\\\/producto\\\/diseno-contenido-2023\\\/#primaryimage\",\"url\":\"https:\\\/\\\/designweekmexico.com\\\/wp-content\\\/uploads\\\/2023\\\/07\\\/contenido-product.jpg\",\"contentUrl\":\"https:\\\/\\\/designweekmexico.com\\\/wp-content\\\/uploads\\\/2023\\\/07\\\/contenido-product.jpg\",\"width\":1920,\"height\":1280},{\"@type\":\"BreadcrumbList\",\"@id\":\"https:\\\/\\\/designweekmexico.com\\\/producto\\\/diseno-contenido-2023\\\/#breadcrumb\",\"itemListElement\":[{\"@type\":\"ListItem\",\"position\":1,\"name\":\"Inicio\",\"item\":\"https:\\\/\\\/designweekmexico.com\\\/\"},{\"@type\":\"ListItem\",\"position\":2,\"name\":\"Tienda\",\"item\":\"https:\\\/\\\/designweekmexico.com\\\/tienda\\\/\"},{\"@type\":\"ListItem\",\"position\":3,\"name\":\"Dise\u00f1o Contenido 2023\"}]},{\"@type\":\"WebSite\",\"@id\":\"https:\\\/\\\/designweekmexico.com\\\/#website\",\"url\":\"https:\\\/\\\/designweekmexico.com\\\/\",\"name\":\"Design Week Mexico\",\"description\":\"Dise\u00f1ando el futuro...\",\"publisher\":{\"@id\":\"https:\\\/\\\/designweekmexico.com\\\/#organization\"},\"potentialAction\":[{\"@type\":\"SearchAction\",\"target\":{\"@type\":\"EntryPoint\",\"urlTemplate\":\"https:\\\/\\\/designweekmexico.com\\\/?s={search_term_string}\"},\"query-input\":{\"@type\":\"PropertyValueSpecification\",\"valueRequired\":true,\"valueName\":\"search_term_string\"}}],\"inLanguage\":\"en-US\"},{\"@type\":\"Organization\",\"@id\":\"https:\\\/\\\/designweekmexico.com\\\/#organization\",\"name\":\"Design Week Mexico\",\"url\":\"https:\\\/\\\/designweekmexico.com\\\/\",\"logo\":{\"@type\":\"ImageObject\",\"inLanguage\":\"en-US\",\"@id\":\"https:\\\/\\\/designweekmexico.com\\\/#\\\/schema\\\/logo\\\/image\\\/\",\"url\":\"https:\\\/\\\/designweekmexico.com\\\/wp-content\\\/uploads\\\/2026\\\/04\\\/Asset-58-70eae4-3141d7.svg\",\"contentUrl\":\"https:\\\/\\\/designweekmexico.com\\\/wp-content\\\/uploads\\\/2026\\\/04\\\/Asset-58-70eae4-3141d7.svg\",\"width\":1741,\"height\":103,\"caption\":\"Design Week Mexico\"},\"image\":{\"@id\":\"https:\\\/\\\/designweekmexico.com\\\/#\\\/schema\\\/logo\\\/image\\\/\"},\"sameAs\":[\"https:\\\/\\\/www.facebook.com\\\/designweekmex\",\"https:\\\/\\\/x.com\\\/designweekmex\",\"https:\\\/\\\/www.instagram.com\\\/designweekmex\\\/\",\"https:\\\/\\\/www.youtube.com\\\/user\\\/designweekmexico\",\"https:\\\/\\\/vimeo.com\\\/designweekmexico\",\"https:\\\/\\\/www.linkedin.com\\\/company\\\/designweekmx\\\/\"]}]}<\/script>\n<!-- \/ Yoast SEO plugin. -->","yoast_head_json":{"title":"Dise\u00f1o Contenido 2023 - Design Week Mexico","robots":{"index":"noindex","follow":"nofollow"},"og_locale":"en_US","og_type":"article","og_title":"Dise\u00f1o Contenido 2023 - Design Week Mexico","og_description":"Participaci\u00f3n Dise\u00f1o Contenido 2023    \u00a1Te invitamos a participar en la d\u00e9cimo primer edici\u00f3n de Dise\u00f1o Contenido,\u00a0organizada por\u00a0Design Week M\u00e9xico!\u00a0Este emocionante evento es una feria urbana que se lleva a cabo durante 2 d\u00edas en el emblem\u00e1tico\u00a0Parque Lincoln,\u00a0una de las zonas comerciales m\u00e1s importantes de la ciudad.","og_url":"https:\/\/designweekmexico.com\/en\/product\/diseno-contenido-2023\/","og_site_name":"Design Week Mexico","article_publisher":"https:\/\/www.facebook.com\/designweekmex","article_modified_time":"2023-09-06T00:48:13+00:00","og_image":[{"width":1920,"height":1280,"url":"https:\/\/designweekmexico.com\/wp-content\/uploads\/2023\/07\/contenido-product.jpg","type":"image\/jpeg"}],"twitter_card":"summary_large_image","twitter_site":"@designweekmex","twitter_misc":{"Est. reading time":"1 minute"},"schema":{"@context":"https:\/\/schema.org","@graph":[{"@type":"WebPage","@id":"https:\/\/designweekmexico.com\/producto\/diseno-contenido-2023\/","url":"https:\/\/designweekmexico.com\/producto\/diseno-contenido-2023\/","name":"Dise\u00f1o Contenido 2023 - Design Week Mexico","isPartOf":{"@id":"https:\/\/designweekmexico.com\/#website"},"primaryImageOfPage":{"@id":"https:\/\/designweekmexico.com\/producto\/diseno-contenido-2023\/#primaryimage"},"image":{"@id":"https:\/\/designweekmexico.com\/producto\/diseno-contenido-2023\/#primaryimage"},"thumbnailUrl":"https:\/\/designweekmexico.com\/wp-content\/uploads\/2023\/07\/contenido-product.jpg","datePublished":"2023-07-04T00:15:50+00:00","dateModified":"2023-09-06T00:48:13+00:00","breadcrumb":{"@id":"https:\/\/designweekmexico.com\/producto\/diseno-contenido-2023\/#breadcrumb"},"inLanguage":"en-US","potentialAction":[{"@type":"ReadAction","target":["https:\/\/designweekmexico.com\/producto\/diseno-contenido-2023\/"]}]},{"@type":"ImageObject","inLanguage":"en-US","@id":"https:\/\/designweekmexico.com\/producto\/diseno-contenido-2023\/#primaryimage","url":"https:\/\/designweekmexico.com\/wp-content\/uploads\/2023\/07\/contenido-product.jpg","contentUrl":"https:\/\/designweekmexico.com\/wp-content\/uploads\/2023\/07\/contenido-product.jpg","width":1920,"height":1280},{"@type":"BreadcrumbList","@id":"https:\/\/designweekmexico.com\/producto\/diseno-contenido-2023\/#breadcrumb","itemListElement":[{"@type":"ListItem","position":1,"name":"Inicio","item":"https:\/\/designweekmexico.com\/"},{"@type":"ListItem","position":2,"name":"Tienda","item":"https:\/\/designweekmexico.com\/tienda\/"},{"@type":"ListItem","position":3,"name":"Dise\u00f1o Contenido 2023"}]},{"@type":"WebSite","@id":"https:\/\/designweekmexico.com\/#website","url":"https:\/\/designweekmexico.com\/","name":"Design Week Mexico","description":"Dise\u00f1ando el futuro...","publisher":{"@id":"https:\/\/designweekmexico.com\/#organization"},"potentialAction":[{"@type":"SearchAction","target":{"@type":"EntryPoint","urlTemplate":"https:\/\/designweekmexico.com\/?s={search_term_string}"},"query-input":{"@type":"PropertyValueSpecification","valueRequired":true,"valueName":"search_term_string"}}],"inLanguage":"en-US"},{"@type":"Organization","@id":"https:\/\/designweekmexico.com\/#organization","name":"Design Week Mexico","url":"https:\/\/designweekmexico.com\/","logo":{"@type":"ImageObject","inLanguage":"en-US","@id":"https:\/\/designweekmexico.com\/#\/schema\/logo\/image\/","url":"https:\/\/designweekmexico.com\/wp-content\/uploads\/2026\/04\/Asset-58-70eae4-3141d7.svg","contentUrl":"https:\/\/designweekmexico.com\/wp-content\/uploads\/2026\/04\/Asset-58-70eae4-3141d7.svg","width":1741,"height":103,"caption":"Design Week Mexico"},"image":{"@id":"https:\/\/designweekmexico.com\/#\/schema\/logo\/image\/"},"sameAs":["https:\/\/www.facebook.com\/designweekmex","https:\/\/x.com\/designweekmex","https:\/\/www.instagram.com\/designweekmex\/","https:\/\/www.youtube.com\/user\/designweekmexico","https:\/\/vimeo.com\/designweekmexico","https:\/\/www.linkedin.com\/company\/designweekmx\/"]}]}},"jetpack_sharing_enabled":true,"_links":{"self":[{"href":"https:\/\/designweekmexico.com\/en\/wp-json\/wp\/v2\/product\/10614","targetHints":{"allow":["GET"]}}],"collection":[{"href":"https:\/\/designweekmexico.com\/en\/wp-json\/wp\/v2\/product"}],"about":[{"href":"https:\/\/designweekmexico.com\/en\/wp-json\/wp\/v2\/types\/product"}],"wp:featuredmedia":[{"embeddable":true,"href":"https:\/\/designweekmexico.com\/en\/wp-json\/wp\/v2\/media\/10617"}],"wp:attachment":[{"href":"https:\/\/designweekmexico.com\/en\/wp-json\/wp\/v2\/media?parent=10614"}],"wp:term":[{"taxonomy":"product_brand","embeddable":true,"href":"https:\/\/designweekmexico.com\/en\/wp-json\/wp\/v2\/product_brand?post=10614"},{"taxonomy":"product_cat","embeddable":true,"href":"https:\/\/designweekmexico.com\/en\/wp-json\/wp\/v2\/product_cat?post=10614"},{"taxonomy":"product_tag","embeddable":true,"href":"https:\/\/designweekmexico.com\/en\/wp-json\/wp\/v2\/product_tag?post=10614"}],"curies":[{"name":"wp","href":"https:\/\/api.w.org\/{rel}","templated":true}]}}

Diseño Contenido 2023

<p><strong>Participación Diseño Contenido 2023</strong></p>
<div class="elementor-element elementor-element-1fd678ba elementor-widget elementor-widget-text-editor animated fadeIn" data-id="1fd678ba" data-element_type="widget" data-settings="{&quot;_animation&quot;:&quot;fadeIn&quot;,&quot;_animation_delay&quot;:400}" data-widget_type="text-editor.default">
<div class="elementor-widget-container">
<p>¡Te invitamos a participar en la décimo primer edición de <b>Diseño Contenido,</b> organizada por <b>Design Week México!</b> Este emocionante evento es una feria urbana que se lleva a cabo durante 2 días en el emblemático <b>Parque Lincoln, </b>una de las zonas comerciales más importantes de la ciudad.</p>
</div>
</div>

<!-- This site is optimized with the Yoast SEO plugin v27.5 - https://yoast.com/product/yoast-seo-wordpress/ -->
<title>Diseño Contenido 2023 - Design Week Mexico</title>
<meta name="robots" content="noindex, nofollow" />
<meta property="og:locale" content="en_US" />
<meta property="og:type" content="article" />
<meta property="og:title" content="Diseño Contenido 2023 - Design Week Mexico" />
<meta property="og:description" content="Participación Diseño Contenido 2023    ¡Te invitamos a participar en la décimo primer edición de Diseño Contenido, organizada por Design Week México! Este emocionante evento es una feria urbana que se lleva a cabo durante 2 días en el emblemático Parque Lincoln, una de las zonas comerciales más importantes de la ciudad." />
<meta property="og:url" content="https://designweekmexico.com/en/product/diseno-contenido-2023/" />
<meta property="og:site_name" content="Design Week Mexico" />
<meta property="article:publisher" content="https://www.facebook.com/designweekmex" />
<meta property="article:modified_time" content="2023-09-06T00:48:13+00:00" />
<meta property="og:image" content="https://designweekmexico.com/wp-content/uploads/2023/07/contenido-product.jpg" />
	<meta property="og:image:width" content="1920" />
	<meta property="og:image:height" content="1280" />
	<meta property="og:image:type" content="image/jpeg" />
<meta name="twitter:card" content="summary_large_image" />
<meta name="twitter:site" content="@designweekmex" />
<meta name="twitter:label1" content="Est. reading time" />
	<meta name="twitter:data1" content="1 minute" />
<script type="application/ld+json" class="yoast-schema-graph">{"@context":"https:\/\/schema.org","@graph":[{"@type":"WebPage","@id":"https:\/\/designweekmexico.com\/producto\/diseno-contenido-2023\/","url":"https:\/\/designweekmexico.com\/producto\/diseno-contenido-2023\/","name":"Diseño Contenido 2023 - Design Week Mexico","isPartOf":{"@id":"https:\/\/designweekmexico.com\/#website"},"primaryImageOfPage":{"@id":"https:\/\/designweekmexico.com\/producto\/diseno-contenido-2023\/#primaryimage"},"image":{"@id":"https:\/\/designweekmexico.com\/producto\/diseno-contenido-2023\/#primaryimage"},"thumbnailUrl":"https:\/\/designweekmexico.com\/wp-content\/uploads\/2023\/07\/contenido-product.jpg","datePublished":"2023-07-04T00:15:50+00:00","dateModified":"2023-09-06T00:48:13+00:00","breadcrumb":{"@id":"https:\/\/designweekmexico.com\/producto\/diseno-contenido-2023\/#breadcrumb"},"inLanguage":"en-US","potentialAction":[{"@type":"ReadAction","target":["https:\/\/designweekmexico.com\/producto\/diseno-contenido-2023\/"]}]},{"@type":"ImageObject","inLanguage":"en-US","@id":"https:\/\/designweekmexico.com\/producto\/diseno-contenido-2023\/#primaryimage","url":"https:\/\/designweekmexico.com\/wp-content\/uploads\/2023\/07\/contenido-product.jpg","contentUrl":"https:\/\/designweekmexico.com\/wp-content\/uploads\/2023\/07\/contenido-product.jpg","width":1920,"height":1280},{"@type":"BreadcrumbList","@id":"https:\/\/designweekmexico.com\/producto\/diseno-contenido-2023\/#breadcrumb","itemListElement":[{"@type":"ListItem","position":1,"name":"Inicio","item":"https:\/\/designweekmexico.com\/"},{"@type":"ListItem","position":2,"name":"Tienda","item":"https:\/\/designweekmexico.com\/tienda\/"},{"@type":"ListItem","position":3,"name":"Diseño Contenido 2023"}]},{"@type":"WebSite","@id":"https:\/\/designweekmexico.com\/#website","url":"https:\/\/designweekmexico.com\/","name":"Design Week Mexico","description":"Diseñando el futuro...","publisher":{"@id":"https:\/\/designweekmexico.com\/#organization"},"potentialAction":[{"@type":"SearchAction","target":{"@type":"EntryPoint","urlTemplate":"https:\/\/designweekmexico.com\/?s={search_term_string}"},"query-input":{"@type":"PropertyValueSpecification","valueRequired":true,"valueName":"search_term_string"}}],"inLanguage":"en-US"},{"@type":"Organization","@id":"https:\/\/designweekmexico.com\/#organization","name":"Design Week Mexico","url":"https:\/\/designweekmexico.com\/","logo":{"@type":"ImageObject","inLanguage":"en-US","@id":"https:\/\/designweekmexico.com\/#\/schema\/logo\/image\/","url":"https:\/\/designweekmexico.com\/wp-content\/uploads\/2026\/04\/Asset-58-70eae4-3141d7.svg","contentUrl":"https:\/\/designweekmexico.com\/wp-content\/uploads\/2026\/04\/Asset-58-70eae4-3141d7.svg","width":1741,"height":103,"caption":"Design Week Mexico"},"image":{"@id":"https:\/\/designweekmexico.com\/#\/schema\/logo\/image\/"},"sameAs":["https:\/\/www.facebook.com\/designweekmex","https:\/\/x.com\/designweekmex","https:\/\/www.instagram.com\/designweekmex\/","https:\/\/www.youtube.com\/user\/designweekmexico","https:\/\/vimeo.com\/designweekmexico","https:\/\/www.linkedin.com\/company\/designweekmx\/"]}]}</script>
<!-- / Yoast SEO plugin. -->

Diseño Contenido 2023 - Design Week Mexico

Participación Diseño Contenido 2023    ¡Te invitamos a participar en la décimo primer edición de Diseño Contenido, organizada por Design Week México! Este emocionante evento es una feria urbana que se lleva a cabo durante 2 días en el emblemático Parque Lincoln, una de las zonas comerciales más importantes de la ciudad.

Diseñando el futuro...
