{"id":20971,"date":"2025-04-25T13:16:39","date_gmt":"2025-04-25T18:16:39","guid":{"rendered":"https:\/\/designweekmexico.com\/?post_type=product&#038;p=20971"},"modified":"2025-05-05T12:33:43","modified_gmt":"2025-05-05T17:33:43","slug":"diseno-contenido-2025","status":"publish","type":"product","link":"https:\/\/designweekmexico.com\/en\/product\/diseno-contenido-2025\/","title":{"rendered":"Dise\u00f1o Contenido 2025"},"content":{"rendered":"<p><strong>Participaci\u00f3n Dise\u00f1o Contenido 2025<\/strong><\/p>\n<p><strong>Sobre la calle Julio Verne en el Parque Lincoln<\/strong>\u00a0\u2014un \u00e1rea p\u00fablica de esparcimiento y comercial muy transitada en la colonia Polanco\u2014 se despliegan 20 contenedores que funcionan como showrooms temporales de una selecta muestra del trabajo de dise\u00f1adores contempor\u00e1neos mexicanos, formando una concurrida feria urbana.<\/p>\n<p>Through this platform, brands leave their habitats to create new environments and experiment with new ways of exposing their visions and products, as well as expanding the dissemination of their work.<\/p>\n<p>Bringing together creative communities is one of the main objectives of this project, which is why Dise\u00f1o Contenido takes ownership of public space for a weekend and takes design to the streets to generate dialogues between designers and society.<\/p>","protected":false},"excerpt":{"rendered":"<p><strong>Participaci\u00f3n Dise\u00f1o Contenido 2025<\/strong><\/p>\n<p><strong>Sobre la calle Julio Verne en el Parque Lincoln<\/strong>\u00a0\u2014un \u00e1rea p\u00fablica de esparcimiento y comercial muy transitada en la colonia Polanco\u2014 se despliegan 20 contenedores que funcionan como showrooms temporales de una selecta muestra del trabajo de dise\u00f1adores contempor\u00e1neos mexicanos, formando una concurrida feria urbana.<\/p>\n<p>Through this platform, brands leave their habitats to create new environments and experiment with new ways of exposing their visions and products, as well as expanding the dissemination of their work.<\/p>\n<p>Bringing together creative communities is one of the main objectives of this project, which is why Dise\u00f1o Contenido takes ownership of public space for a weekend and takes design to the streets to generate dialogues between designers and society.<\/p>","protected":false},"featured_media":20972,"template":"","meta":{"_themeisle_gutenberg_block_has_review":false},"product_brand":[],"product_cat":[31],"product_tag":[],"class_list":{"0":"post-20971","1":"product","2":"type-product","3":"status-publish","4":"has-post-thumbnail","6":"product_cat-participacion","8":"first","9":"instock","10":"virtual","11":"sold-individually","12":"taxable","13":"purchasable","14":"product-type-simple"},"yoast_head":"<!-- This site is optimized with the Yoast SEO plugin v27.5 - https:\/\/yoast.com\/product\/yoast-seo-wordpress\/ -->\n<title>Dise\u00f1o Contenido 2025 - Design Week Mexico<\/title>\n<meta name=\"robots\" content=\"noindex, nofollow\" \/>\n<meta property=\"og:locale\" content=\"en_US\" \/>\n<meta property=\"og:type\" content=\"article\" \/>\n<meta property=\"og:title\" content=\"Dise\u00f1o Contenido 2025 - Design Week Mexico\" \/>\n<meta property=\"og:description\" content=\"Participaci\u00f3n Dise\u00f1o Contenido 2025  Sobre la calle Julio Verne en el Parque Lincoln\u00a0\u2014un \u00e1rea p\u00fablica de esparcimiento y comercial muy transitada en la colonia Polanco\u2014 se despliegan 20 contenedores que funcionan como showrooms temporales de una selecta muestra del trabajo de dise\u00f1adores contempor\u00e1neos mexicanos, formando una concurrida feria urbana.  Mediante esta plataforma las marcas salen de sus h\u00e1bitats para generar nuevos entornos y experimentar nuevas formas de exponer sus visiones y productos, as\u00ed como ampliar la difusi\u00f3n de su trabajo.  Reunir comunidades creativas es uno de los principales objetivos de este proyecto, es por esto que por un fin de semana Dise\u00f1o Contenido se apropia del espacio p\u00fablico y lleva el dise\u00f1o a la calle para generar di\u00e1logos entre los dise\u00f1adores y la sociedad.\" \/>\n<meta property=\"og:url\" content=\"https:\/\/designweekmexico.com\/en\/product\/diseno-contenido-2025\/\" \/>\n<meta property=\"og:site_name\" content=\"Design Week Mexico\" \/>\n<meta property=\"article:publisher\" content=\"https:\/\/www.facebook.com\/designweekmex\" \/>\n<meta property=\"article:modified_time\" content=\"2025-05-05T17:33:43+00:00\" \/>\n<meta property=\"og:image\" content=\"https:\/\/designweekmexico.com\/wp-content\/uploads\/2025\/04\/2-1024x683.png\" \/>\n\t<meta property=\"og:image:width\" content=\"1024\" \/>\n\t<meta property=\"og:image:height\" content=\"683\" \/>\n\t<meta property=\"og:image:type\" content=\"image\/png\" \/>\n<meta name=\"twitter:card\" content=\"summary_large_image\" \/>\n<meta name=\"twitter:site\" content=\"@designweekmex\" \/>\n<meta name=\"twitter:label1\" content=\"Est. reading time\" \/>\n\t<meta name=\"twitter:data1\" content=\"1 minute\" \/>\n<script type=\"application\/ld+json\" class=\"yoast-schema-graph\">{\"@context\":\"https:\\\/\\\/schema.org\",\"@graph\":[{\"@type\":\"WebPage\",\"@id\":\"https:\\\/\\\/designweekmexico.com\\\/producto\\\/diseno-contenido-2025\\\/\",\"url\":\"https:\\\/\\\/designweekmexico.com\\\/producto\\\/diseno-contenido-2025\\\/\",\"name\":\"Dise\u00f1o Contenido 2025 - Design Week Mexico\",\"isPartOf\":{\"@id\":\"https:\\\/\\\/designweekmexico.com\\\/#website\"},\"primaryImageOfPage\":{\"@id\":\"https:\\\/\\\/designweekmexico.com\\\/producto\\\/diseno-contenido-2025\\\/#primaryimage\"},\"image\":{\"@id\":\"https:\\\/\\\/designweekmexico.com\\\/producto\\\/diseno-contenido-2025\\\/#primaryimage\"},\"thumbnailUrl\":\"https:\\\/\\\/designweekmexico.com\\\/wp-content\\\/uploads\\\/2025\\\/04\\\/2-scaled.png\",\"datePublished\":\"2025-04-25T18:16:39+00:00\",\"dateModified\":\"2025-05-05T17:33:43+00:00\",\"breadcrumb\":{\"@id\":\"https:\\\/\\\/designweekmexico.com\\\/producto\\\/diseno-contenido-2025\\\/#breadcrumb\"},\"inLanguage\":\"en-US\",\"potentialAction\":[{\"@type\":\"ReadAction\",\"target\":[\"https:\\\/\\\/designweekmexico.com\\\/producto\\\/diseno-contenido-2025\\\/\"]}]},{\"@type\":\"ImageObject\",\"inLanguage\":\"en-US\",\"@id\":\"https:\\\/\\\/designweekmexico.com\\\/producto\\\/diseno-contenido-2025\\\/#primaryimage\",\"url\":\"https:\\\/\\\/designweekmexico.com\\\/wp-content\\\/uploads\\\/2025\\\/04\\\/2-scaled.png\",\"contentUrl\":\"https:\\\/\\\/designweekmexico.com\\\/wp-content\\\/uploads\\\/2025\\\/04\\\/2-scaled.png\",\"width\":2560,\"height\":1707},{\"@type\":\"BreadcrumbList\",\"@id\":\"https:\\\/\\\/designweekmexico.com\\\/producto\\\/diseno-contenido-2025\\\/#breadcrumb\",\"itemListElement\":[{\"@type\":\"ListItem\",\"position\":1,\"name\":\"Inicio\",\"item\":\"https:\\\/\\\/designweekmexico.com\\\/\"},{\"@type\":\"ListItem\",\"position\":2,\"name\":\"Tienda\",\"item\":\"https:\\\/\\\/designweekmexico.com\\\/tienda\\\/\"},{\"@type\":\"ListItem\",\"position\":3,\"name\":\"Dise\u00f1o Contenido 2025\"}]},{\"@type\":\"WebSite\",\"@id\":\"https:\\\/\\\/designweekmexico.com\\\/#website\",\"url\":\"https:\\\/\\\/designweekmexico.com\\\/\",\"name\":\"Design Week Mexico\",\"description\":\"Dise\u00f1ando el futuro...\",\"publisher\":{\"@id\":\"https:\\\/\\\/designweekmexico.com\\\/#organization\"},\"potentialAction\":[{\"@type\":\"SearchAction\",\"target\":{\"@type\":\"EntryPoint\",\"urlTemplate\":\"https:\\\/\\\/designweekmexico.com\\\/?s={search_term_string}\"},\"query-input\":{\"@type\":\"PropertyValueSpecification\",\"valueRequired\":true,\"valueName\":\"search_term_string\"}}],\"inLanguage\":\"en-US\"},{\"@type\":\"Organization\",\"@id\":\"https:\\\/\\\/designweekmexico.com\\\/#organization\",\"name\":\"Design Week Mexico\",\"url\":\"https:\\\/\\\/designweekmexico.com\\\/\",\"logo\":{\"@type\":\"ImageObject\",\"inLanguage\":\"en-US\",\"@id\":\"https:\\\/\\\/designweekmexico.com\\\/#\\\/schema\\\/logo\\\/image\\\/\",\"url\":\"https:\\\/\\\/designweekmexico.com\\\/wp-content\\\/uploads\\\/2026\\\/04\\\/Asset-58-70eae4-3141d7.svg\",\"contentUrl\":\"https:\\\/\\\/designweekmexico.com\\\/wp-content\\\/uploads\\\/2026\\\/04\\\/Asset-58-70eae4-3141d7.svg\",\"width\":1741,\"height\":103,\"caption\":\"Design Week Mexico\"},\"image\":{\"@id\":\"https:\\\/\\\/designweekmexico.com\\\/#\\\/schema\\\/logo\\\/image\\\/\"},\"sameAs\":[\"https:\\\/\\\/www.facebook.com\\\/designweekmex\",\"https:\\\/\\\/x.com\\\/designweekmex\",\"https:\\\/\\\/www.instagram.com\\\/designweekmex\\\/\",\"https:\\\/\\\/www.youtube.com\\\/user\\\/designweekmexico\",\"https:\\\/\\\/vimeo.com\\\/designweekmexico\",\"https:\\\/\\\/www.linkedin.com\\\/company\\\/designweekmx\\\/\"]}]}<\/script>\n<!-- \/ Yoast SEO plugin. -->","yoast_head_json":{"title":"Dise\u00f1o Contenido 2025 - Design Week Mexico","robots":{"index":"noindex","follow":"nofollow"},"og_locale":"en_US","og_type":"article","og_title":"Dise\u00f1o Contenido 2025 - Design Week Mexico","og_description":"Participaci\u00f3n Dise\u00f1o Contenido 2025  Sobre la calle Julio Verne en el Parque Lincoln\u00a0\u2014un \u00e1rea p\u00fablica de esparcimiento y comercial muy transitada en la colonia Polanco\u2014 se despliegan 20 contenedores que funcionan como showrooms temporales de una selecta muestra del trabajo de dise\u00f1adores contempor\u00e1neos mexicanos, formando una concurrida feria urbana.  Mediante esta plataforma las marcas salen de sus h\u00e1bitats para generar nuevos entornos y experimentar nuevas formas de exponer sus visiones y productos, as\u00ed como ampliar la difusi\u00f3n de su trabajo.  Reunir comunidades creativas es uno de los principales objetivos de este proyecto, es por esto que por un fin de semana Dise\u00f1o Contenido se apropia del espacio p\u00fablico y lleva el dise\u00f1o a la calle para generar di\u00e1logos entre los dise\u00f1adores y la sociedad.","og_url":"https:\/\/designweekmexico.com\/en\/product\/diseno-contenido-2025\/","og_site_name":"Design Week Mexico","article_publisher":"https:\/\/www.facebook.com\/designweekmex","article_modified_time":"2025-05-05T17:33:43+00:00","og_image":[{"width":1024,"height":683,"url":"https:\/\/designweekmexico.com\/wp-content\/uploads\/2025\/04\/2-1024x683.png","type":"image\/png"}],"twitter_card":"summary_large_image","twitter_site":"@designweekmex","twitter_misc":{"Est. reading time":"1 minute"},"schema":{"@context":"https:\/\/schema.org","@graph":[{"@type":"WebPage","@id":"https:\/\/designweekmexico.com\/producto\/diseno-contenido-2025\/","url":"https:\/\/designweekmexico.com\/producto\/diseno-contenido-2025\/","name":"Dise\u00f1o Contenido 2025 - Design Week Mexico","isPartOf":{"@id":"https:\/\/designweekmexico.com\/#website"},"primaryImageOfPage":{"@id":"https:\/\/designweekmexico.com\/producto\/diseno-contenido-2025\/#primaryimage"},"image":{"@id":"https:\/\/designweekmexico.com\/producto\/diseno-contenido-2025\/#primaryimage"},"thumbnailUrl":"https:\/\/designweekmexico.com\/wp-content\/uploads\/2025\/04\/2-scaled.png","datePublished":"2025-04-25T18:16:39+00:00","dateModified":"2025-05-05T17:33:43+00:00","breadcrumb":{"@id":"https:\/\/designweekmexico.com\/producto\/diseno-contenido-2025\/#breadcrumb"},"inLanguage":"en-US","potentialAction":[{"@type":"ReadAction","target":["https:\/\/designweekmexico.com\/producto\/diseno-contenido-2025\/"]}]},{"@type":"ImageObject","inLanguage":"en-US","@id":"https:\/\/designweekmexico.com\/producto\/diseno-contenido-2025\/#primaryimage","url":"https:\/\/designweekmexico.com\/wp-content\/uploads\/2025\/04\/2-scaled.png","contentUrl":"https:\/\/designweekmexico.com\/wp-content\/uploads\/2025\/04\/2-scaled.png","width":2560,"height":1707},{"@type":"BreadcrumbList","@id":"https:\/\/designweekmexico.com\/producto\/diseno-contenido-2025\/#breadcrumb","itemListElement":[{"@type":"ListItem","position":1,"name":"Inicio","item":"https:\/\/designweekmexico.com\/"},{"@type":"ListItem","position":2,"name":"Tienda","item":"https:\/\/designweekmexico.com\/tienda\/"},{"@type":"ListItem","position":3,"name":"Dise\u00f1o Contenido 2025"}]},{"@type":"WebSite","@id":"https:\/\/designweekmexico.com\/#website","url":"https:\/\/designweekmexico.com\/","name":"Design Week Mexico","description":"Dise\u00f1ando el futuro...","publisher":{"@id":"https:\/\/designweekmexico.com\/#organization"},"potentialAction":[{"@type":"SearchAction","target":{"@type":"EntryPoint","urlTemplate":"https:\/\/designweekmexico.com\/?s={search_term_string}"},"query-input":{"@type":"PropertyValueSpecification","valueRequired":true,"valueName":"search_term_string"}}],"inLanguage":"en-US"},{"@type":"Organization","@id":"https:\/\/designweekmexico.com\/#organization","name":"Design Week Mexico","url":"https:\/\/designweekmexico.com\/","logo":{"@type":"ImageObject","inLanguage":"en-US","@id":"https:\/\/designweekmexico.com\/#\/schema\/logo\/image\/","url":"https:\/\/designweekmexico.com\/wp-content\/uploads\/2026\/04\/Asset-58-70eae4-3141d7.svg","contentUrl":"https:\/\/designweekmexico.com\/wp-content\/uploads\/2026\/04\/Asset-58-70eae4-3141d7.svg","width":1741,"height":103,"caption":"Design Week Mexico"},"image":{"@id":"https:\/\/designweekmexico.com\/#\/schema\/logo\/image\/"},"sameAs":["https:\/\/www.facebook.com\/designweekmex","https:\/\/x.com\/designweekmex","https:\/\/www.instagram.com\/designweekmex\/","https:\/\/www.youtube.com\/user\/designweekmexico","https:\/\/vimeo.com\/designweekmexico","https:\/\/www.linkedin.com\/company\/designweekmx\/"]}]}},"jetpack_sharing_enabled":true,"_links":{"self":[{"href":"https:\/\/designweekmexico.com\/en\/wp-json\/wp\/v2\/product\/20971","targetHints":{"allow":["GET"]}}],"collection":[{"href":"https:\/\/designweekmexico.com\/en\/wp-json\/wp\/v2\/product"}],"about":[{"href":"https:\/\/designweekmexico.com\/en\/wp-json\/wp\/v2\/types\/product"}],"wp:featuredmedia":[{"embeddable":true,"href":"https:\/\/designweekmexico.com\/en\/wp-json\/wp\/v2\/media\/20972"}],"wp:attachment":[{"href":"https:\/\/designweekmexico.com\/en\/wp-json\/wp\/v2\/media?parent=20971"}],"wp:term":[{"taxonomy":"product_brand","embeddable":true,"href":"https:\/\/designweekmexico.com\/en\/wp-json\/wp\/v2\/product_brand?post=20971"},{"taxonomy":"product_cat","embeddable":true,"href":"https:\/\/designweekmexico.com\/en\/wp-json\/wp\/v2\/product_cat?post=20971"},{"taxonomy":"product_tag","embeddable":true,"href":"https:\/\/designweekmexico.com\/en\/wp-json\/wp\/v2\/product_tag?post=20971"}],"curies":[{"name":"wp","href":"https:\/\/api.w.org\/{rel}","templated":true}]}}

Diseño Contenido 2025

<p><strong>Participación Diseño Contenido 2025</strong></p>
<p><strong>Sobre la calle Julio Verne en el Parque Lincoln</strong> —un área pública de esparcimiento y comercial muy transitada en la colonia Polanco— se despliegan 20 contenedores que funcionan como showrooms temporales de una selecta muestra del trabajo de diseñadores contemporáneos mexicanos, formando una concurrida feria urbana.</p>
<p>Through this platform, brands leave their habitats to create new environments and experiment with new ways of exposing their visions and products, as well as expanding the dissemination of their work.</p>
<p>Bringing together creative communities is one of the main objectives of this project, which is why Diseño Contenido takes ownership of public space for a weekend and takes design to the streets to generate dialogues between designers and society.</p>

<!-- This site is optimized with the Yoast SEO plugin v27.5 - https://yoast.com/product/yoast-seo-wordpress/ -->
<title>Diseño Contenido 2025 - Design Week Mexico</title>
<meta name="robots" content="noindex, nofollow" />
<meta property="og:locale" content="en_US" />
<meta property="og:type" content="article" />
<meta property="og:title" content="Diseño Contenido 2025 - Design Week Mexico" />
<meta property="og:description" content="Participación Diseño Contenido 2025  Sobre la calle Julio Verne en el Parque Lincoln —un área pública de esparcimiento y comercial muy transitada en la colonia Polanco— se despliegan 20 contenedores que funcionan como showrooms temporales de una selecta muestra del trabajo de diseñadores contemporáneos mexicanos, formando una concurrida feria urbana.  Mediante esta plataforma las marcas salen de sus hábitats para generar nuevos entornos y experimentar nuevas formas de exponer sus visiones y productos, así como ampliar la difusión de su trabajo.  Reunir comunidades creativas es uno de los principales objetivos de este proyecto, es por esto que por un fin de semana Diseño Contenido se apropia del espacio público y lleva el diseño a la calle para generar diálogos entre los diseñadores y la sociedad." />
<meta property="og:url" content="https://designweekmexico.com/en/product/diseno-contenido-2025/" />
<meta property="og:site_name" content="Design Week Mexico" />
<meta property="article:publisher" content="https://www.facebook.com/designweekmex" />
<meta property="article:modified_time" content="2025-05-05T17:33:43+00:00" />
<meta property="og:image" content="https://designweekmexico.com/wp-content/uploads/2025/04/2-1024x683.png" />
	<meta property="og:image:width" content="1024" />
	<meta property="og:image:height" content="683" />
	<meta property="og:image:type" content="image/png" />
<meta name="twitter:card" content="summary_large_image" />
<meta name="twitter:site" content="@designweekmex" />
<meta name="twitter:label1" content="Est. reading time" />
	<meta name="twitter:data1" content="1 minute" />
<script type="application/ld+json" class="yoast-schema-graph">{"@context":"https:\/\/schema.org","@graph":[{"@type":"WebPage","@id":"https:\/\/designweekmexico.com\/producto\/diseno-contenido-2025\/","url":"https:\/\/designweekmexico.com\/producto\/diseno-contenido-2025\/","name":"Diseño Contenido 2025 - Design Week Mexico","isPartOf":{"@id":"https:\/\/designweekmexico.com\/#website"},"primaryImageOfPage":{"@id":"https:\/\/designweekmexico.com\/producto\/diseno-contenido-2025\/#primaryimage"},"image":{"@id":"https:\/\/designweekmexico.com\/producto\/diseno-contenido-2025\/#primaryimage"},"thumbnailUrl":"https:\/\/designweekmexico.com\/wp-content\/uploads\/2025\/04\/2-scaled.png","datePublished":"2025-04-25T18:16:39+00:00","dateModified":"2025-05-05T17:33:43+00:00","breadcrumb":{"@id":"https:\/\/designweekmexico.com\/producto\/diseno-contenido-2025\/#breadcrumb"},"inLanguage":"en-US","potentialAction":[{"@type":"ReadAction","target":["https:\/\/designweekmexico.com\/producto\/diseno-contenido-2025\/"]}]},{"@type":"ImageObject","inLanguage":"en-US","@id":"https:\/\/designweekmexico.com\/producto\/diseno-contenido-2025\/#primaryimage","url":"https:\/\/designweekmexico.com\/wp-content\/uploads\/2025\/04\/2-scaled.png","contentUrl":"https:\/\/designweekmexico.com\/wp-content\/uploads\/2025\/04\/2-scaled.png","width":2560,"height":1707},{"@type":"BreadcrumbList","@id":"https:\/\/designweekmexico.com\/producto\/diseno-contenido-2025\/#breadcrumb","itemListElement":[{"@type":"ListItem","position":1,"name":"Inicio","item":"https:\/\/designweekmexico.com\/"},{"@type":"ListItem","position":2,"name":"Tienda","item":"https:\/\/designweekmexico.com\/tienda\/"},{"@type":"ListItem","position":3,"name":"Diseño Contenido 2025"}]},{"@type":"WebSite","@id":"https:\/\/designweekmexico.com\/#website","url":"https:\/\/designweekmexico.com\/","name":"Design Week Mexico","description":"Diseñando el futuro...","publisher":{"@id":"https:\/\/designweekmexico.com\/#organization"},"potentialAction":[{"@type":"SearchAction","target":{"@type":"EntryPoint","urlTemplate":"https:\/\/designweekmexico.com\/?s={search_term_string}"},"query-input":{"@type":"PropertyValueSpecification","valueRequired":true,"valueName":"search_term_string"}}],"inLanguage":"en-US"},{"@type":"Organization","@id":"https:\/\/designweekmexico.com\/#organization","name":"Design Week Mexico","url":"https:\/\/designweekmexico.com\/","logo":{"@type":"ImageObject","inLanguage":"en-US","@id":"https:\/\/designweekmexico.com\/#\/schema\/logo\/image\/","url":"https:\/\/designweekmexico.com\/wp-content\/uploads\/2026\/04\/Asset-58-70eae4-3141d7.svg","contentUrl":"https:\/\/designweekmexico.com\/wp-content\/uploads\/2026\/04\/Asset-58-70eae4-3141d7.svg","width":1741,"height":103,"caption":"Design Week Mexico"},"image":{"@id":"https:\/\/designweekmexico.com\/#\/schema\/logo\/image\/"},"sameAs":["https:\/\/www.facebook.com\/designweekmex","https:\/\/x.com\/designweekmex","https:\/\/www.instagram.com\/designweekmex\/","https:\/\/www.youtube.com\/user\/designweekmexico","https:\/\/vimeo.com\/designweekmexico","https:\/\/www.linkedin.com\/company\/designweekmx\/"]}]}</script>
<!-- / Yoast SEO plugin. -->

Diseño Contenido 2025 - Design Week Mexico

Participación Diseño Contenido 2025  Sobre la calle Julio Verne en el Parque Lincoln —un área pública de esparcimiento y comercial muy transitada en la colonia Polanco— se despliegan 20 contenedores que funcionan como showrooms temporales de una selecta muestra del trabajo de diseñadores contemporáneos mexicanos, formando una concurrida feria urbana.  Mediante esta plataforma las marcas salen de sus hábitats para generar nuevos entornos y experimentar nuevas formas de exponer sus visiones y productos, así como ampliar la difusión de su trabajo.  Reunir comunidades creativas es uno de los principales objetivos de este proyecto, es por esto que por un fin de semana Diseño Contenido se apropia del espacio público y lleva el diseño a la calle para generar diálogos entre los diseñadores y la sociedad.

Diseñando el futuro...
