{"id":17406,"date":"2024-09-14T21:05:00","date_gmt":"2024-09-15T02:05:00","guid":{"rendered":"https:\/\/designweekmexico.com\/?post_type=tribe_events&#038;p=17406"},"modified":"2024-09-14T21:05:00","modified_gmt":"2024-09-15T02:05:00","slug":"private-visit-and-drinks","status":"publish","type":"tribe_events","link":"https:\/\/designweekmexico.com\/en\/evento\/private-visit-and-drinks\/","title":{"rendered":"Private visit and Drinks"},"content":{"rendered":"<p>Empezamos en el a\u00f1o 2000, trabajando con un concepto plural de generaciones y proposiciones est\u00e9ticas a trav\u00e9s de la promoci\u00f3n cultural del arte moderno y contempor\u00e1neo. Desde entonces, la obra de maestros como Arnaldo Coen, Rufino Tamayo, Jos\u00e9 Luis Cuevas, Pedro Coronel, Francisco Corzas, Rafael Coronel, Juan Soriano, Carlos M\u00e9rida, Ricardo Mart\u00ednez, Gunther Gerzso, Manuel Felgu\u00e9rez, Pedro Friedeberg, Francisco Toledo, entre otros; se ha paseado por las instalaciones de nuestro recinto cultural, ubicado en el coraz\u00f3n de Polanco, tambi\u00e9n por nuestra segunda casa, en el Hotel Four Seasons; ambas en la Ciudad de M\u00e9xico. Adem\u00e1s, en este espacio, recibimos y albergamos cotidianamente nuevas propuestas de talentos j\u00f3venes como Jes\u00fas Lugo, Patricia Torres, Laura Rosete, Ermilo Espinosa, Cristina Kahlo, entre otros, quienes se consagran, cada vez m\u00e1s r\u00e1pido, como maestros del arte moderno internacional.<\/p>","protected":false},"excerpt":{"rendered":"<p>Empezamos en el a\u00f1o 2000, trabajando con un concepto plural de generaciones y proposiciones est\u00e9ticas a trav\u00e9s de la promoci\u00f3n cultural del arte moderno y contempor\u00e1neo. Desde entonces, la obra [&hellip;]<\/p>","protected":false},"author":175,"featured_media":17235,"template":"","meta":{"_themeisle_gutenberg_block_has_review":false,"_tribe_events_status":"","_tribe_events_status_reason":"","footnotes":""},"tags":[],"tribe_events_cat":[80],"class_list":["post-17406","tribe_events","type-tribe_events","status-publish","has-post-thumbnail","hentry","tribe_events_cat-tours-diseno","cat_tours-diseno"],"blocksy_meta":[],"yoast_head":"<!-- This site is optimized with the Yoast SEO plugin v27.4 - https:\/\/yoast.com\/product\/yoast-seo-wordpress\/ -->\n<title>Private visit and Drinks - Design Week Mexico<\/title>\n<meta name=\"robots\" content=\"index, follow, max-snippet:-1, max-image-preview:large, max-video-preview:-1\" \/>\n<link rel=\"canonical\" href=\"https:\/\/designweekmexico.com\/en\/evento\/private-visit-and-drinks\/\" \/>\n<meta property=\"og:locale\" content=\"en_US\" \/>\n<meta property=\"og:type\" content=\"article\" \/>\n<meta property=\"og:title\" content=\"Private visit and Drinks - Design Week Mexico\" \/>\n<meta property=\"og:description\" content=\"Empezamos en el a\u00f1o 2000, trabajando con un concepto plural de generaciones y proposiciones est\u00e9ticas a trav\u00e9s de la promoci\u00f3n cultural del arte moderno y contempor\u00e1neo. Desde entonces, la obra [&hellip;]\" \/>\n<meta property=\"og:url\" content=\"https:\/\/designweekmexico.com\/en\/evento\/private-visit-and-drinks\/\" \/>\n<meta property=\"og:site_name\" content=\"Design Week Mexico\" \/>\n<meta property=\"article:publisher\" content=\"https:\/\/www.facebook.com\/designweekmex\" \/>\n<meta property=\"og:image\" content=\"https:\/\/designweekmexico.com\/wp-content\/uploads\/2024\/09\/lsgaleria1-Caro-de-LS-_-Galeria-e1726126678445.jpg\" \/>\n\t<meta property=\"og:image:width\" content=\"1622\" \/>\n\t<meta property=\"og:image:height\" content=\"1081\" \/>\n\t<meta property=\"og:image:type\" content=\"image\/jpeg\" \/>\n<meta name=\"twitter:card\" content=\"summary_large_image\" \/>\n<meta name=\"twitter:site\" content=\"@designweekmex\" \/>\n<meta name=\"twitter:label1\" content=\"Est. reading time\" \/>\n\t<meta name=\"twitter:data1\" content=\"1 minute\" \/>\n<script type=\"application\/ld+json\" class=\"yoast-schema-graph\">{\"@context\":\"https:\\\/\\\/schema.org\",\"@graph\":[{\"@type\":\"WebPage\",\"@id\":\"https:\\\/\\\/designweekmexico.com\\\/evento\\\/private-visit-and-drinks\\\/\",\"url\":\"https:\\\/\\\/designweekmexico.com\\\/evento\\\/private-visit-and-drinks\\\/\",\"name\":\"Private visit and Drinks - Design Week Mexico\",\"isPartOf\":{\"@id\":\"https:\\\/\\\/designweekmexico.com\\\/#website\"},\"primaryImageOfPage\":{\"@id\":\"https:\\\/\\\/designweekmexico.com\\\/evento\\\/private-visit-and-drinks\\\/#primaryimage\"},\"image\":{\"@id\":\"https:\\\/\\\/designweekmexico.com\\\/evento\\\/private-visit-and-drinks\\\/#primaryimage\"},\"thumbnailUrl\":\"https:\\\/\\\/designweekmexico.com\\\/wp-content\\\/uploads\\\/2024\\\/09\\\/lsgaleria1-Caro-de-LS-_-Galeria-e1726126678445.jpg\",\"datePublished\":\"2024-09-15T02:05:00+00:00\",\"breadcrumb\":{\"@id\":\"https:\\\/\\\/designweekmexico.com\\\/evento\\\/private-visit-and-drinks\\\/#breadcrumb\"},\"inLanguage\":\"en-US\",\"potentialAction\":[{\"@type\":\"ReadAction\",\"target\":[\"https:\\\/\\\/designweekmexico.com\\\/evento\\\/private-visit-and-drinks\\\/\"]}]},{\"@type\":\"ImageObject\",\"inLanguage\":\"en-US\",\"@id\":\"https:\\\/\\\/designweekmexico.com\\\/evento\\\/private-visit-and-drinks\\\/#primaryimage\",\"url\":\"https:\\\/\\\/designweekmexico.com\\\/wp-content\\\/uploads\\\/2024\\\/09\\\/lsgaleria1-Caro-de-LS-_-Galeria-e1726126678445.jpg\",\"contentUrl\":\"https:\\\/\\\/designweekmexico.com\\\/wp-content\\\/uploads\\\/2024\\\/09\\\/lsgaleria1-Caro-de-LS-_-Galeria-e1726126678445.jpg\",\"width\":1622,\"height\":1081},{\"@type\":\"BreadcrumbList\",\"@id\":\"https:\\\/\\\/designweekmexico.com\\\/evento\\\/private-visit-and-drinks\\\/#breadcrumb\",\"itemListElement\":[{\"@type\":\"ListItem\",\"position\":1,\"name\":\"Inicio\",\"item\":\"https:\\\/\\\/designweekmexico.com\\\/\"},{\"@type\":\"ListItem\",\"position\":2,\"name\":\"Eventos\",\"item\":\"https:\\\/\\\/designweekmexico.com\\\/programa-2021\\\/\"},{\"@type\":\"ListItem\",\"position\":3,\"name\":\"Private visit and Drinks\"}]},{\"@type\":\"WebSite\",\"@id\":\"https:\\\/\\\/designweekmexico.com\\\/#website\",\"url\":\"https:\\\/\\\/designweekmexico.com\\\/\",\"name\":\"Design Week Mexico\",\"description\":\"Dise\u00f1ando el futuro...\",\"publisher\":{\"@id\":\"https:\\\/\\\/designweekmexico.com\\\/#organization\"},\"potentialAction\":[{\"@type\":\"SearchAction\",\"target\":{\"@type\":\"EntryPoint\",\"urlTemplate\":\"https:\\\/\\\/designweekmexico.com\\\/?s={search_term_string}\"},\"query-input\":{\"@type\":\"PropertyValueSpecification\",\"valueRequired\":true,\"valueName\":\"search_term_string\"}}],\"inLanguage\":\"en-US\"},{\"@type\":\"Organization\",\"@id\":\"https:\\\/\\\/designweekmexico.com\\\/#organization\",\"name\":\"Design Week Mexico\",\"url\":\"https:\\\/\\\/designweekmexico.com\\\/\",\"logo\":{\"@type\":\"ImageObject\",\"inLanguage\":\"en-US\",\"@id\":\"https:\\\/\\\/designweekmexico.com\\\/#\\\/schema\\\/logo\\\/image\\\/\",\"url\":\"https:\\\/\\\/designweekmexico.com\\\/wp-content\\\/uploads\\\/2026\\\/04\\\/Asset-58-70eae4-3141d7.svg\",\"contentUrl\":\"https:\\\/\\\/designweekmexico.com\\\/wp-content\\\/uploads\\\/2026\\\/04\\\/Asset-58-70eae4-3141d7.svg\",\"width\":1741,\"height\":103,\"caption\":\"Design Week Mexico\"},\"image\":{\"@id\":\"https:\\\/\\\/designweekmexico.com\\\/#\\\/schema\\\/logo\\\/image\\\/\"},\"sameAs\":[\"https:\\\/\\\/www.facebook.com\\\/designweekmex\",\"https:\\\/\\\/x.com\\\/designweekmex\",\"https:\\\/\\\/www.instagram.com\\\/designweekmex\\\/\",\"https:\\\/\\\/www.youtube.com\\\/user\\\/designweekmexico\",\"https:\\\/\\\/vimeo.com\\\/designweekmexico\",\"https:\\\/\\\/www.linkedin.com\\\/company\\\/designweekmx\\\/\"]}]}<\/script>\n<!-- \/ Yoast SEO plugin. -->","yoast_head_json":{"title":"Private visit and Drinks - Design Week Mexico","robots":{"index":"index","follow":"follow","max-snippet":"max-snippet:-1","max-image-preview":"max-image-preview:large","max-video-preview":"max-video-preview:-1"},"canonical":"https:\/\/designweekmexico.com\/en\/evento\/private-visit-and-drinks\/","og_locale":"en_US","og_type":"article","og_title":"Private visit and Drinks - Design Week Mexico","og_description":"Empezamos en el a\u00f1o 2000, trabajando con un concepto plural de generaciones y proposiciones est\u00e9ticas a trav\u00e9s de la promoci\u00f3n cultural del arte moderno y contempor\u00e1neo. Desde entonces, la obra [&hellip;]","og_url":"https:\/\/designweekmexico.com\/en\/evento\/private-visit-and-drinks\/","og_site_name":"Design Week Mexico","article_publisher":"https:\/\/www.facebook.com\/designweekmex","og_image":[{"width":1622,"height":1081,"url":"https:\/\/designweekmexico.com\/wp-content\/uploads\/2024\/09\/lsgaleria1-Caro-de-LS-_-Galeria-e1726126678445.jpg","type":"image\/jpeg"}],"twitter_card":"summary_large_image","twitter_site":"@designweekmex","twitter_misc":{"Est. reading time":"1 minute"},"schema":{"@context":"https:\/\/schema.org","@graph":[{"@type":"WebPage","@id":"https:\/\/designweekmexico.com\/evento\/private-visit-and-drinks\/","url":"https:\/\/designweekmexico.com\/evento\/private-visit-and-drinks\/","name":"Private visit and Drinks - Design Week Mexico","isPartOf":{"@id":"https:\/\/designweekmexico.com\/#website"},"primaryImageOfPage":{"@id":"https:\/\/designweekmexico.com\/evento\/private-visit-and-drinks\/#primaryimage"},"image":{"@id":"https:\/\/designweekmexico.com\/evento\/private-visit-and-drinks\/#primaryimage"},"thumbnailUrl":"https:\/\/designweekmexico.com\/wp-content\/uploads\/2024\/09\/lsgaleria1-Caro-de-LS-_-Galeria-e1726126678445.jpg","datePublished":"2024-09-15T02:05:00+00:00","breadcrumb":{"@id":"https:\/\/designweekmexico.com\/evento\/private-visit-and-drinks\/#breadcrumb"},"inLanguage":"en-US","potentialAction":[{"@type":"ReadAction","target":["https:\/\/designweekmexico.com\/evento\/private-visit-and-drinks\/"]}]},{"@type":"ImageObject","inLanguage":"en-US","@id":"https:\/\/designweekmexico.com\/evento\/private-visit-and-drinks\/#primaryimage","url":"https:\/\/designweekmexico.com\/wp-content\/uploads\/2024\/09\/lsgaleria1-Caro-de-LS-_-Galeria-e1726126678445.jpg","contentUrl":"https:\/\/designweekmexico.com\/wp-content\/uploads\/2024\/09\/lsgaleria1-Caro-de-LS-_-Galeria-e1726126678445.jpg","width":1622,"height":1081},{"@type":"BreadcrumbList","@id":"https:\/\/designweekmexico.com\/evento\/private-visit-and-drinks\/#breadcrumb","itemListElement":[{"@type":"ListItem","position":1,"name":"Inicio","item":"https:\/\/designweekmexico.com\/"},{"@type":"ListItem","position":2,"name":"Eventos","item":"https:\/\/designweekmexico.com\/programa-2021\/"},{"@type":"ListItem","position":3,"name":"Private visit and Drinks"}]},{"@type":"WebSite","@id":"https:\/\/designweekmexico.com\/#website","url":"https:\/\/designweekmexico.com\/","name":"Design Week Mexico","description":"Dise\u00f1ando el futuro...","publisher":{"@id":"https:\/\/designweekmexico.com\/#organization"},"potentialAction":[{"@type":"SearchAction","target":{"@type":"EntryPoint","urlTemplate":"https:\/\/designweekmexico.com\/?s={search_term_string}"},"query-input":{"@type":"PropertyValueSpecification","valueRequired":true,"valueName":"search_term_string"}}],"inLanguage":"en-US"},{"@type":"Organization","@id":"https:\/\/designweekmexico.com\/#organization","name":"Design Week Mexico","url":"https:\/\/designweekmexico.com\/","logo":{"@type":"ImageObject","inLanguage":"en-US","@id":"https:\/\/designweekmexico.com\/#\/schema\/logo\/image\/","url":"https:\/\/designweekmexico.com\/wp-content\/uploads\/2026\/04\/Asset-58-70eae4-3141d7.svg","contentUrl":"https:\/\/designweekmexico.com\/wp-content\/uploads\/2026\/04\/Asset-58-70eae4-3141d7.svg","width":1741,"height":103,"caption":"Design Week Mexico"},"image":{"@id":"https:\/\/designweekmexico.com\/#\/schema\/logo\/image\/"},"sameAs":["https:\/\/www.facebook.com\/designweekmex","https:\/\/x.com\/designweekmex","https:\/\/www.instagram.com\/designweekmex\/","https:\/\/www.youtube.com\/user\/designweekmexico","https:\/\/vimeo.com\/designweekmexico","https:\/\/www.linkedin.com\/company\/designweekmx\/"]}]}},"jetpack_sharing_enabled":true,"_links":{"self":[{"href":"https:\/\/designweekmexico.com\/en\/wp-json\/wp\/v2\/tribe_events\/17406","targetHints":{"allow":["GET"]}}],"collection":[{"href":"https:\/\/designweekmexico.com\/en\/wp-json\/wp\/v2\/tribe_events"}],"about":[{"href":"https:\/\/designweekmexico.com\/en\/wp-json\/wp\/v2\/types\/tribe_events"}],"author":[{"embeddable":true,"href":"https:\/\/designweekmexico.com\/en\/wp-json\/wp\/v2\/users\/175"}],"version-history":[{"count":1,"href":"https:\/\/designweekmexico.com\/en\/wp-json\/wp\/v2\/tribe_events\/17406\/revisions"}],"predecessor-version":[{"id":17407,"href":"https:\/\/designweekmexico.com\/en\/wp-json\/wp\/v2\/tribe_events\/17406\/revisions\/17407"}],"wp:featuredmedia":[{"embeddable":true,"href":"https:\/\/designweekmexico.com\/en\/wp-json\/wp\/v2\/media\/17235"}],"wp:attachment":[{"href":"https:\/\/designweekmexico.com\/en\/wp-json\/wp\/v2\/media?parent=17406"}],"wp:term":[{"taxonomy":"post_tag","embeddable":true,"href":"https:\/\/designweekmexico.com\/en\/wp-json\/wp\/v2\/tags?post=17406"},{"taxonomy":"tribe_events_cat","embeddable":true,"href":"https:\/\/designweekmexico.com\/en\/wp-json\/wp\/v2\/tribe_events_cat?post=17406"}],"curies":[{"name":"wp","href":"https:\/\/api.w.org\/{rel}","templated":true}]}}

<p>Empezamos en el año 2000, trabajando con un concepto plural de generaciones y proposiciones estéticas a través de la promoción cultural del arte moderno y contemporáneo. Desde entonces, la obra de maestros como Arnaldo Coen, Rufino Tamayo, José Luis Cuevas, Pedro Coronel, Francisco Corzas, Rafael Coronel, Juan Soriano, Carlos Mérida, Ricardo Martínez, Gunther Gerzso, Manuel Felguérez, Pedro Friedeberg, Francisco Toledo, entre otros; se ha paseado por las instalaciones de nuestro recinto cultural, ubicado en el corazón de Polanco, también por nuestra segunda casa, en el Hotel Four Seasons; ambas en la Ciudad de México. Además, en este espacio, recibimos y albergamos cotidianamente nuevas propuestas de talentos jóvenes como Jesús Lugo, Patricia Torres, Laura Rosete, Ermilo Espinosa, Cristina Kahlo, entre otros, quienes se consagran, cada vez más rápido, como maestros del arte moderno internacional.</p>

<p>Empezamos en el año 2000, trabajando con un concepto plural de generaciones y proposiciones estéticas a través de la promoción cultural del arte moderno y contemporáneo. Desde entonces, la obra [&hellip;]</p>

<!-- This site is optimized with the Yoast SEO plugin v27.4 - https://yoast.com/product/yoast-seo-wordpress/ -->
<title>Private visit and Drinks - Design Week Mexico</title>
<meta name="robots" content="index, follow, max-snippet:-1, max-image-preview:large, max-video-preview:-1" />
<link rel="canonical" href="https://designweekmexico.com/en/evento/private-visit-and-drinks/" />
<meta property="og:locale" content="en_US" />
<meta property="og:type" content="article" />
<meta property="og:title" content="Private visit and Drinks - Design Week Mexico" />
<meta property="og:description" content="Empezamos en el año 2000, trabajando con un concepto plural de generaciones y proposiciones estéticas a través de la promoción cultural del arte moderno y contemporáneo. Desde entonces, la obra [&hellip;]" />
<meta property="og:url" content="https://designweekmexico.com/en/evento/private-visit-and-drinks/" />
<meta property="og:site_name" content="Design Week Mexico" />
<meta property="article:publisher" content="https://www.facebook.com/designweekmex" />
<meta property="og:image" content="https://designweekmexico.com/wp-content/uploads/2024/09/lsgaleria1-Caro-de-LS-_-Galeria-e1726126678445.jpg" />
	<meta property="og:image:width" content="1622" />
	<meta property="og:image:height" content="1081" />
	<meta property="og:image:type" content="image/jpeg" />
<meta name="twitter:card" content="summary_large_image" />
<meta name="twitter:site" content="@designweekmex" />
<meta name="twitter:label1" content="Est. reading time" />
	<meta name="twitter:data1" content="1 minute" />
<script type="application/ld+json" class="yoast-schema-graph">{"@context":"https:\/\/schema.org","@graph":[{"@type":"WebPage","@id":"https:\/\/designweekmexico.com\/evento\/private-visit-and-drinks\/","url":"https:\/\/designweekmexico.com\/evento\/private-visit-and-drinks\/","name":"Private visit and Drinks - Design Week Mexico","isPartOf":{"@id":"https:\/\/designweekmexico.com\/#website"},"primaryImageOfPage":{"@id":"https:\/\/designweekmexico.com\/evento\/private-visit-and-drinks\/#primaryimage"},"image":{"@id":"https:\/\/designweekmexico.com\/evento\/private-visit-and-drinks\/#primaryimage"},"thumbnailUrl":"https:\/\/designweekmexico.com\/wp-content\/uploads\/2024\/09\/lsgaleria1-Caro-de-LS-_-Galeria-e1726126678445.jpg","datePublished":"2024-09-15T02:05:00+00:00","breadcrumb":{"@id":"https:\/\/designweekmexico.com\/evento\/private-visit-and-drinks\/#breadcrumb"},"inLanguage":"en-US","potentialAction":[{"@type":"ReadAction","target":["https:\/\/designweekmexico.com\/evento\/private-visit-and-drinks\/"]}]},{"@type":"ImageObject","inLanguage":"en-US","@id":"https:\/\/designweekmexico.com\/evento\/private-visit-and-drinks\/#primaryimage","url":"https:\/\/designweekmexico.com\/wp-content\/uploads\/2024\/09\/lsgaleria1-Caro-de-LS-_-Galeria-e1726126678445.jpg","contentUrl":"https:\/\/designweekmexico.com\/wp-content\/uploads\/2024\/09\/lsgaleria1-Caro-de-LS-_-Galeria-e1726126678445.jpg","width":1622,"height":1081},{"@type":"BreadcrumbList","@id":"https:\/\/designweekmexico.com\/evento\/private-visit-and-drinks\/#breadcrumb","itemListElement":[{"@type":"ListItem","position":1,"name":"Inicio","item":"https:\/\/designweekmexico.com\/"},{"@type":"ListItem","position":2,"name":"Eventos","item":"https:\/\/designweekmexico.com\/programa-2021\/"},{"@type":"ListItem","position":3,"name":"Private visit and Drinks"}]},{"@type":"WebSite","@id":"https:\/\/designweekmexico.com\/#website","url":"https:\/\/designweekmexico.com\/","name":"Design Week Mexico","description":"Diseñando el futuro...","publisher":{"@id":"https:\/\/designweekmexico.com\/#organization"},"potentialAction":[{"@type":"SearchAction","target":{"@type":"EntryPoint","urlTemplate":"https:\/\/designweekmexico.com\/?s={search_term_string}"},"query-input":{"@type":"PropertyValueSpecification","valueRequired":true,"valueName":"search_term_string"}}],"inLanguage":"en-US"},{"@type":"Organization","@id":"https:\/\/designweekmexico.com\/#organization","name":"Design Week Mexico","url":"https:\/\/designweekmexico.com\/","logo":{"@type":"ImageObject","inLanguage":"en-US","@id":"https:\/\/designweekmexico.com\/#\/schema\/logo\/image\/","url":"https:\/\/designweekmexico.com\/wp-content\/uploads\/2026\/04\/Asset-58-70eae4-3141d7.svg","contentUrl":"https:\/\/designweekmexico.com\/wp-content\/uploads\/2026\/04\/Asset-58-70eae4-3141d7.svg","width":1741,"height":103,"caption":"Design Week Mexico"},"image":{"@id":"https:\/\/designweekmexico.com\/#\/schema\/logo\/image\/"},"sameAs":["https:\/\/www.facebook.com\/designweekmex","https:\/\/x.com\/designweekmex","https:\/\/www.instagram.com\/designweekmex\/","https:\/\/www.youtube.com\/user\/designweekmexico","https:\/\/vimeo.com\/designweekmexico","https:\/\/www.linkedin.com\/company\/designweekmx\/"]}]}</script>
<!-- / Yoast SEO plugin. -->

Empezamos en el año 2000, trabajando con un concepto plural de generaciones y proposiciones estéticas a través de la promoción cultural del arte moderno y contemporáneo. Desde entonces, la obra [&hellip;]

Diseñando el futuro...
