{"id":17408,"date":"2024-09-14T21:14:44","date_gmt":"2024-09-15T02:14:44","guid":{"rendered":"https:\/\/designweekmexico.com\/?post_type=tribe_events&#038;p=17408"},"modified":"2024-09-23T02:17:10","modified_gmt":"2024-09-23T07:17:10","slug":"recorrido-especial-7","status":"publish","type":"tribe_events","link":"https:\/\/designweekmexico.com\/en\/evento\/recorrido-especial-7\/","title":{"rendered":"Recorrido especial"},"content":{"rendered":"<p>Visita a la casa, conocer todos los espacios. Recorrido de la Exposici\u00f3n de arte contempor\u00e1neo<br \/>\nLa Casa del Atrio, dise\u00f1ada por el reconocido arquitecto mexicano Antonio Attolini Lack en 1990, se encuentra en San \u00c1ngel Inn, Ciudad de M\u00e9xico. Esta obra maestra combina luz natural, techos altos y ventanales amplios que conectan el interior con el exterior. La casa refleja la influencia de la arquitectura conventual mexicana, con elementos artesanales como puertas de pino y detalles \u00fanicos dise\u00f1ados por el propio arquitecto.<\/p>","protected":false},"excerpt":{"rendered":"<p>Visita a la casa, conocer todos los espacios. Recorrido de la Exposici\u00f3n de arte contempor\u00e1neo La Casa del Atrio, dise\u00f1ada por el reconocido arquitecto mexicano Antonio Attolini Lack en 1990, [&hellip;]<\/p>","protected":false},"author":175,"featured_media":17409,"template":"","meta":{"_themeisle_gutenberg_block_has_review":false,"_tribe_events_status":"","_tribe_events_status_reason":"","footnotes":""},"tags":[],"tribe_events_cat":[153,80],"class_list":["post-17408","tribe_events","type-tribe_events","status-publish","has-post-thumbnail","hentry","tribe_events_cat-extramuros","tribe_events_cat-tours-diseno","cat_extramuros","cat_tours-diseno"],"blocksy_meta":[],"yoast_head":"<!-- This site is optimized with the Yoast SEO plugin v27.5 - https:\/\/yoast.com\/product\/yoast-seo-wordpress\/ -->\n<title>Recorrido especial - Design Week Mexico<\/title>\n<meta name=\"robots\" content=\"index, follow, max-snippet:-1, max-image-preview:large, max-video-preview:-1\" \/>\n<link rel=\"canonical\" href=\"https:\/\/designweekmexico.com\/en\/evento\/recorrido-especial-7\/\" \/>\n<meta property=\"og:locale\" content=\"en_US\" \/>\n<meta property=\"og:type\" content=\"article\" \/>\n<meta property=\"og:title\" content=\"Recorrido especial - Design Week Mexico\" \/>\n<meta property=\"og:description\" content=\"Visita a la casa, conocer todos los espacios. Recorrido de la Exposici\u00f3n de arte contempor\u00e1neo La Casa del Atrio, dise\u00f1ada por el reconocido arquitecto mexicano Antonio Attolini Lack en 1990, [&hellip;]\" \/>\n<meta property=\"og:url\" content=\"https:\/\/designweekmexico.com\/en\/evento\/recorrido-especial-7\/\" \/>\n<meta property=\"og:site_name\" content=\"Design Week Mexico\" \/>\n<meta property=\"article:publisher\" content=\"https:\/\/www.facebook.com\/designweekmex\" \/>\n<meta property=\"article:modified_time\" content=\"2024-09-23T07:17:10+00:00\" \/>\n<meta property=\"og:image\" content=\"https:\/\/designweekmexico.com\/wp-content\/uploads\/2024\/09\/42B6C7AE-B363-49E0-A745-4627C7A3DC72_1_105_c-Carmen-Rosa-Vega-e1726366295597.jpeg\" \/>\n\t<meta property=\"og:image:width\" content=\"768\" \/>\n\t<meta property=\"og:image:height\" content=\"512\" \/>\n\t<meta property=\"og:image:type\" content=\"image\/jpeg\" \/>\n<meta name=\"twitter:card\" content=\"summary_large_image\" \/>\n<meta name=\"twitter:site\" content=\"@designweekmex\" \/>\n<meta name=\"twitter:label1\" content=\"Est. reading time\" \/>\n\t<meta name=\"twitter:data1\" content=\"1 minute\" \/>\n<script type=\"application\/ld+json\" class=\"yoast-schema-graph\">{\"@context\":\"https:\\\/\\\/schema.org\",\"@graph\":[{\"@type\":\"WebPage\",\"@id\":\"https:\\\/\\\/designweekmexico.com\\\/evento\\\/recorrido-especial-7\\\/\",\"url\":\"https:\\\/\\\/designweekmexico.com\\\/evento\\\/recorrido-especial-7\\\/\",\"name\":\"Recorrido especial - Design Week Mexico\",\"isPartOf\":{\"@id\":\"https:\\\/\\\/designweekmexico.com\\\/#website\"},\"primaryImageOfPage\":{\"@id\":\"https:\\\/\\\/designweekmexico.com\\\/evento\\\/recorrido-especial-7\\\/#primaryimage\"},\"image\":{\"@id\":\"https:\\\/\\\/designweekmexico.com\\\/evento\\\/recorrido-especial-7\\\/#primaryimage\"},\"thumbnailUrl\":\"https:\\\/\\\/designweekmexico.com\\\/wp-content\\\/uploads\\\/2024\\\/09\\\/42B6C7AE-B363-49E0-A745-4627C7A3DC72_1_105_c-Carmen-Rosa-Vega-e1726366295597.jpeg\",\"datePublished\":\"2024-09-15T02:14:44+00:00\",\"dateModified\":\"2024-09-23T07:17:10+00:00\",\"breadcrumb\":{\"@id\":\"https:\\\/\\\/designweekmexico.com\\\/evento\\\/recorrido-especial-7\\\/#breadcrumb\"},\"inLanguage\":\"en-US\",\"potentialAction\":[{\"@type\":\"ReadAction\",\"target\":[\"https:\\\/\\\/designweekmexico.com\\\/evento\\\/recorrido-especial-7\\\/\"]}]},{\"@type\":\"ImageObject\",\"inLanguage\":\"en-US\",\"@id\":\"https:\\\/\\\/designweekmexico.com\\\/evento\\\/recorrido-especial-7\\\/#primaryimage\",\"url\":\"https:\\\/\\\/designweekmexico.com\\\/wp-content\\\/uploads\\\/2024\\\/09\\\/42B6C7AE-B363-49E0-A745-4627C7A3DC72_1_105_c-Carmen-Rosa-Vega-e1726366295597.jpeg\",\"contentUrl\":\"https:\\\/\\\/designweekmexico.com\\\/wp-content\\\/uploads\\\/2024\\\/09\\\/42B6C7AE-B363-49E0-A745-4627C7A3DC72_1_105_c-Carmen-Rosa-Vega-e1726366295597.jpeg\",\"width\":768,\"height\":512},{\"@type\":\"BreadcrumbList\",\"@id\":\"https:\\\/\\\/designweekmexico.com\\\/evento\\\/recorrido-especial-7\\\/#breadcrumb\",\"itemListElement\":[{\"@type\":\"ListItem\",\"position\":1,\"name\":\"Inicio\",\"item\":\"https:\\\/\\\/designweekmexico.com\\\/\"},{\"@type\":\"ListItem\",\"position\":2,\"name\":\"Eventos\",\"item\":\"https:\\\/\\\/designweekmexico.com\\\/programa-2021\\\/\"},{\"@type\":\"ListItem\",\"position\":3,\"name\":\"Recorrido especial\"}]},{\"@type\":\"WebSite\",\"@id\":\"https:\\\/\\\/designweekmexico.com\\\/#website\",\"url\":\"https:\\\/\\\/designweekmexico.com\\\/\",\"name\":\"Design Week Mexico\",\"description\":\"Dise\u00f1ando el futuro...\",\"publisher\":{\"@id\":\"https:\\\/\\\/designweekmexico.com\\\/#organization\"},\"potentialAction\":[{\"@type\":\"SearchAction\",\"target\":{\"@type\":\"EntryPoint\",\"urlTemplate\":\"https:\\\/\\\/designweekmexico.com\\\/?s={search_term_string}\"},\"query-input\":{\"@type\":\"PropertyValueSpecification\",\"valueRequired\":true,\"valueName\":\"search_term_string\"}}],\"inLanguage\":\"en-US\"},{\"@type\":\"Organization\",\"@id\":\"https:\\\/\\\/designweekmexico.com\\\/#organization\",\"name\":\"Design Week Mexico\",\"url\":\"https:\\\/\\\/designweekmexico.com\\\/\",\"logo\":{\"@type\":\"ImageObject\",\"inLanguage\":\"en-US\",\"@id\":\"https:\\\/\\\/designweekmexico.com\\\/#\\\/schema\\\/logo\\\/image\\\/\",\"url\":\"https:\\\/\\\/designweekmexico.com\\\/wp-content\\\/uploads\\\/2026\\\/04\\\/Asset-58-70eae4-3141d7.svg\",\"contentUrl\":\"https:\\\/\\\/designweekmexico.com\\\/wp-content\\\/uploads\\\/2026\\\/04\\\/Asset-58-70eae4-3141d7.svg\",\"width\":1741,\"height\":103,\"caption\":\"Design Week Mexico\"},\"image\":{\"@id\":\"https:\\\/\\\/designweekmexico.com\\\/#\\\/schema\\\/logo\\\/image\\\/\"},\"sameAs\":[\"https:\\\/\\\/www.facebook.com\\\/designweekmex\",\"https:\\\/\\\/x.com\\\/designweekmex\",\"https:\\\/\\\/www.instagram.com\\\/designweekmex\\\/\",\"https:\\\/\\\/www.youtube.com\\\/user\\\/designweekmexico\",\"https:\\\/\\\/vimeo.com\\\/designweekmexico\",\"https:\\\/\\\/www.linkedin.com\\\/company\\\/designweekmx\\\/\"]}]}<\/script>\n<!-- \/ Yoast SEO plugin. -->","yoast_head_json":{"title":"Recorrido especial - Design Week Mexico","robots":{"index":"index","follow":"follow","max-snippet":"max-snippet:-1","max-image-preview":"max-image-preview:large","max-video-preview":"max-video-preview:-1"},"canonical":"https:\/\/designweekmexico.com\/en\/evento\/recorrido-especial-7\/","og_locale":"en_US","og_type":"article","og_title":"Recorrido especial - Design Week Mexico","og_description":"Visita a la casa, conocer todos los espacios. Recorrido de la Exposici\u00f3n de arte contempor\u00e1neo La Casa del Atrio, dise\u00f1ada por el reconocido arquitecto mexicano Antonio Attolini Lack en 1990, [&hellip;]","og_url":"https:\/\/designweekmexico.com\/en\/evento\/recorrido-especial-7\/","og_site_name":"Design Week Mexico","article_publisher":"https:\/\/www.facebook.com\/designweekmex","article_modified_time":"2024-09-23T07:17:10+00:00","og_image":[{"width":768,"height":512,"url":"https:\/\/designweekmexico.com\/wp-content\/uploads\/2024\/09\/42B6C7AE-B363-49E0-A745-4627C7A3DC72_1_105_c-Carmen-Rosa-Vega-e1726366295597.jpeg","type":"image\/jpeg"}],"twitter_card":"summary_large_image","twitter_site":"@designweekmex","twitter_misc":{"Est. reading time":"1 minute"},"schema":{"@context":"https:\/\/schema.org","@graph":[{"@type":"WebPage","@id":"https:\/\/designweekmexico.com\/evento\/recorrido-especial-7\/","url":"https:\/\/designweekmexico.com\/evento\/recorrido-especial-7\/","name":"Recorrido especial - Design Week Mexico","isPartOf":{"@id":"https:\/\/designweekmexico.com\/#website"},"primaryImageOfPage":{"@id":"https:\/\/designweekmexico.com\/evento\/recorrido-especial-7\/#primaryimage"},"image":{"@id":"https:\/\/designweekmexico.com\/evento\/recorrido-especial-7\/#primaryimage"},"thumbnailUrl":"https:\/\/designweekmexico.com\/wp-content\/uploads\/2024\/09\/42B6C7AE-B363-49E0-A745-4627C7A3DC72_1_105_c-Carmen-Rosa-Vega-e1726366295597.jpeg","datePublished":"2024-09-15T02:14:44+00:00","dateModified":"2024-09-23T07:17:10+00:00","breadcrumb":{"@id":"https:\/\/designweekmexico.com\/evento\/recorrido-especial-7\/#breadcrumb"},"inLanguage":"en-US","potentialAction":[{"@type":"ReadAction","target":["https:\/\/designweekmexico.com\/evento\/recorrido-especial-7\/"]}]},{"@type":"ImageObject","inLanguage":"en-US","@id":"https:\/\/designweekmexico.com\/evento\/recorrido-especial-7\/#primaryimage","url":"https:\/\/designweekmexico.com\/wp-content\/uploads\/2024\/09\/42B6C7AE-B363-49E0-A745-4627C7A3DC72_1_105_c-Carmen-Rosa-Vega-e1726366295597.jpeg","contentUrl":"https:\/\/designweekmexico.com\/wp-content\/uploads\/2024\/09\/42B6C7AE-B363-49E0-A745-4627C7A3DC72_1_105_c-Carmen-Rosa-Vega-e1726366295597.jpeg","width":768,"height":512},{"@type":"BreadcrumbList","@id":"https:\/\/designweekmexico.com\/evento\/recorrido-especial-7\/#breadcrumb","itemListElement":[{"@type":"ListItem","position":1,"name":"Inicio","item":"https:\/\/designweekmexico.com\/"},{"@type":"ListItem","position":2,"name":"Eventos","item":"https:\/\/designweekmexico.com\/programa-2021\/"},{"@type":"ListItem","position":3,"name":"Recorrido especial"}]},{"@type":"WebSite","@id":"https:\/\/designweekmexico.com\/#website","url":"https:\/\/designweekmexico.com\/","name":"Design Week Mexico","description":"Dise\u00f1ando el futuro...","publisher":{"@id":"https:\/\/designweekmexico.com\/#organization"},"potentialAction":[{"@type":"SearchAction","target":{"@type":"EntryPoint","urlTemplate":"https:\/\/designweekmexico.com\/?s={search_term_string}"},"query-input":{"@type":"PropertyValueSpecification","valueRequired":true,"valueName":"search_term_string"}}],"inLanguage":"en-US"},{"@type":"Organization","@id":"https:\/\/designweekmexico.com\/#organization","name":"Design Week Mexico","url":"https:\/\/designweekmexico.com\/","logo":{"@type":"ImageObject","inLanguage":"en-US","@id":"https:\/\/designweekmexico.com\/#\/schema\/logo\/image\/","url":"https:\/\/designweekmexico.com\/wp-content\/uploads\/2026\/04\/Asset-58-70eae4-3141d7.svg","contentUrl":"https:\/\/designweekmexico.com\/wp-content\/uploads\/2026\/04\/Asset-58-70eae4-3141d7.svg","width":1741,"height":103,"caption":"Design Week Mexico"},"image":{"@id":"https:\/\/designweekmexico.com\/#\/schema\/logo\/image\/"},"sameAs":["https:\/\/www.facebook.com\/designweekmex","https:\/\/x.com\/designweekmex","https:\/\/www.instagram.com\/designweekmex\/","https:\/\/www.youtube.com\/user\/designweekmexico","https:\/\/vimeo.com\/designweekmexico","https:\/\/www.linkedin.com\/company\/designweekmx\/"]}]}},"jetpack_sharing_enabled":true,"_links":{"self":[{"href":"https:\/\/designweekmexico.com\/en\/wp-json\/wp\/v2\/tribe_events\/17408","targetHints":{"allow":["GET"]}}],"collection":[{"href":"https:\/\/designweekmexico.com\/en\/wp-json\/wp\/v2\/tribe_events"}],"about":[{"href":"https:\/\/designweekmexico.com\/en\/wp-json\/wp\/v2\/types\/tribe_events"}],"author":[{"embeddable":true,"href":"https:\/\/designweekmexico.com\/en\/wp-json\/wp\/v2\/users\/175"}],"version-history":[{"count":1,"href":"https:\/\/designweekmexico.com\/en\/wp-json\/wp\/v2\/tribe_events\/17408\/revisions"}],"predecessor-version":[{"id":17412,"href":"https:\/\/designweekmexico.com\/en\/wp-json\/wp\/v2\/tribe_events\/17408\/revisions\/17412"}],"wp:featuredmedia":[{"embeddable":true,"href":"https:\/\/designweekmexico.com\/en\/wp-json\/wp\/v2\/media\/17409"}],"wp:attachment":[{"href":"https:\/\/designweekmexico.com\/en\/wp-json\/wp\/v2\/media?parent=17408"}],"wp:term":[{"taxonomy":"post_tag","embeddable":true,"href":"https:\/\/designweekmexico.com\/en\/wp-json\/wp\/v2\/tags?post=17408"},{"taxonomy":"tribe_events_cat","embeddable":true,"href":"https:\/\/designweekmexico.com\/en\/wp-json\/wp\/v2\/tribe_events_cat?post=17408"}],"curies":[{"name":"wp","href":"https:\/\/api.w.org\/{rel}","templated":true}]}}

<p>Visita a la casa, conocer todos los espacios. Recorrido de la Exposición de arte contemporáneo<br />
La Casa del Atrio, diseñada por el reconocido arquitecto mexicano Antonio Attolini Lack en 1990, se encuentra en San Ángel Inn, Ciudad de México. Esta obra maestra combina luz natural, techos altos y ventanales amplios que conectan el interior con el exterior. La casa refleja la influencia de la arquitectura conventual mexicana, con elementos artesanales como puertas de pino y detalles únicos diseñados por el propio arquitecto.</p>

<p>Visita a la casa, conocer todos los espacios. Recorrido de la Exposición de arte contemporáneo La Casa del Atrio, diseñada por el reconocido arquitecto mexicano Antonio Attolini Lack en 1990, [&hellip;]</p>

<!-- This site is optimized with the Yoast SEO plugin v27.5 - https://yoast.com/product/yoast-seo-wordpress/ -->
<title>Recorrido especial - Design Week Mexico</title>
<meta name="robots" content="index, follow, max-snippet:-1, max-image-preview:large, max-video-preview:-1" />
<link rel="canonical" href="https://designweekmexico.com/en/evento/recorrido-especial-7/" />
<meta property="og:locale" content="en_US" />
<meta property="og:type" content="article" />
<meta property="og:title" content="Recorrido especial - Design Week Mexico" />
<meta property="og:description" content="Visita a la casa, conocer todos los espacios. Recorrido de la Exposición de arte contemporáneo La Casa del Atrio, diseñada por el reconocido arquitecto mexicano Antonio Attolini Lack en 1990, [&hellip;]" />
<meta property="og:url" content="https://designweekmexico.com/en/evento/recorrido-especial-7/" />
<meta property="og:site_name" content="Design Week Mexico" />
<meta property="article:publisher" content="https://www.facebook.com/designweekmex" />
<meta property="article:modified_time" content="2024-09-23T07:17:10+00:00" />
<meta property="og:image" content="https://designweekmexico.com/wp-content/uploads/2024/09/42B6C7AE-B363-49E0-A745-4627C7A3DC72_1_105_c-Carmen-Rosa-Vega-e1726366295597.jpeg" />
	<meta property="og:image:width" content="768" />
	<meta property="og:image:height" content="512" />
	<meta property="og:image:type" content="image/jpeg" />
<meta name="twitter:card" content="summary_large_image" />
<meta name="twitter:site" content="@designweekmex" />
<meta name="twitter:label1" content="Est. reading time" />
	<meta name="twitter:data1" content="1 minute" />
<script type="application/ld+json" class="yoast-schema-graph">{"@context":"https:\/\/schema.org","@graph":[{"@type":"WebPage","@id":"https:\/\/designweekmexico.com\/evento\/recorrido-especial-7\/","url":"https:\/\/designweekmexico.com\/evento\/recorrido-especial-7\/","name":"Recorrido especial - Design Week Mexico","isPartOf":{"@id":"https:\/\/designweekmexico.com\/#website"},"primaryImageOfPage":{"@id":"https:\/\/designweekmexico.com\/evento\/recorrido-especial-7\/#primaryimage"},"image":{"@id":"https:\/\/designweekmexico.com\/evento\/recorrido-especial-7\/#primaryimage"},"thumbnailUrl":"https:\/\/designweekmexico.com\/wp-content\/uploads\/2024\/09\/42B6C7AE-B363-49E0-A745-4627C7A3DC72_1_105_c-Carmen-Rosa-Vega-e1726366295597.jpeg","datePublished":"2024-09-15T02:14:44+00:00","dateModified":"2024-09-23T07:17:10+00:00","breadcrumb":{"@id":"https:\/\/designweekmexico.com\/evento\/recorrido-especial-7\/#breadcrumb"},"inLanguage":"en-US","potentialAction":[{"@type":"ReadAction","target":["https:\/\/designweekmexico.com\/evento\/recorrido-especial-7\/"]}]},{"@type":"ImageObject","inLanguage":"en-US","@id":"https:\/\/designweekmexico.com\/evento\/recorrido-especial-7\/#primaryimage","url":"https:\/\/designweekmexico.com\/wp-content\/uploads\/2024\/09\/42B6C7AE-B363-49E0-A745-4627C7A3DC72_1_105_c-Carmen-Rosa-Vega-e1726366295597.jpeg","contentUrl":"https:\/\/designweekmexico.com\/wp-content\/uploads\/2024\/09\/42B6C7AE-B363-49E0-A745-4627C7A3DC72_1_105_c-Carmen-Rosa-Vega-e1726366295597.jpeg","width":768,"height":512},{"@type":"BreadcrumbList","@id":"https:\/\/designweekmexico.com\/evento\/recorrido-especial-7\/#breadcrumb","itemListElement":[{"@type":"ListItem","position":1,"name":"Inicio","item":"https:\/\/designweekmexico.com\/"},{"@type":"ListItem","position":2,"name":"Eventos","item":"https:\/\/designweekmexico.com\/programa-2021\/"},{"@type":"ListItem","position":3,"name":"Recorrido especial"}]},{"@type":"WebSite","@id":"https:\/\/designweekmexico.com\/#website","url":"https:\/\/designweekmexico.com\/","name":"Design Week Mexico","description":"Diseñando el futuro...","publisher":{"@id":"https:\/\/designweekmexico.com\/#organization"},"potentialAction":[{"@type":"SearchAction","target":{"@type":"EntryPoint","urlTemplate":"https:\/\/designweekmexico.com\/?s={search_term_string}"},"query-input":{"@type":"PropertyValueSpecification","valueRequired":true,"valueName":"search_term_string"}}],"inLanguage":"en-US"},{"@type":"Organization","@id":"https:\/\/designweekmexico.com\/#organization","name":"Design Week Mexico","url":"https:\/\/designweekmexico.com\/","logo":{"@type":"ImageObject","inLanguage":"en-US","@id":"https:\/\/designweekmexico.com\/#\/schema\/logo\/image\/","url":"https:\/\/designweekmexico.com\/wp-content\/uploads\/2026\/04\/Asset-58-70eae4-3141d7.svg","contentUrl":"https:\/\/designweekmexico.com\/wp-content\/uploads\/2026\/04\/Asset-58-70eae4-3141d7.svg","width":1741,"height":103,"caption":"Design Week Mexico"},"image":{"@id":"https:\/\/designweekmexico.com\/#\/schema\/logo\/image\/"},"sameAs":["https:\/\/www.facebook.com\/designweekmex","https:\/\/x.com\/designweekmex","https:\/\/www.instagram.com\/designweekmex\/","https:\/\/www.youtube.com\/user\/designweekmexico","https:\/\/vimeo.com\/designweekmexico","https:\/\/www.linkedin.com\/company\/designweekmx\/"]}]}</script>
<!-- / Yoast SEO plugin. -->

Visita a la casa, conocer todos los espacios. Recorrido de la Exposición de arte contemporáneo La Casa del Atrio, diseñada por el reconocido arquitecto mexicano Antonio Attolini Lack en 1990, [&hellip;]

Diseñando el futuro...
